{"id":1584,"date":"2025-07-03T05:44:07","date_gmt":"2025-07-03T03:44:07","guid":{"rendered":"https:\/\/bybservicios.cl\/?post_type=product&#038;p=1584"},"modified":"2025-07-03T05:44:49","modified_gmt":"2025-07-03T03:44:49","slug":"tuberia-emt-25-mm-x-3-mts-certif","status":"publish","type":"product","link":"https:\/\/bybservicios.cl\/index.php\/product\/tuberia-emt-25-mm-x-3-mts-certif\/","title":{"rendered":"TUBERIA EMT 25 mm X 3 MTS CERTIF"},"content":{"rendered":"<p><strong data-start=\"131\" data-end=\"147\">DESCRIPCI\u00d3N:<\/strong><br data-start=\"147\" data-end=\"150\" \/>La <strong data-start=\"153\" data-end=\"177\">Tuber\u00eda Met\u00e1lica EMT<\/strong> (Electrical Metallic Tubing) es un conduit de alta calidad, ideal para proteger y organizar cables el\u00e9ctricos en instalaciones <strong data-start=\"305\" data-end=\"350\">residenciales, comerciales e industriales<\/strong>. Fabricada con materiales resistentes, se destaca por su <strong data-start=\"408\" data-end=\"471\" data-is-only-node=\"\">durabilidad, f\u00e1cil manipulaci\u00f3n y alta resistencia mec\u00e1nica<\/strong>, garantizando seguridad y orden en cualquier tipo de proyecto el\u00e9ctrico.<\/p>\n","protected":false},"excerpt":{"rendered":"<p><strong data-start=\"138\" data-end=\"192\">Tuber\u00eda Met\u00e1lica EMT para instalaciones el\u00e9ctricas<\/strong><br data-start=\"192\" data-end=\"195\" \/>Protege y organiza cables el\u00e9ctricos en proyectos residenciales, comerciales o industriales. Alta resistencia, f\u00e1cil instalaci\u00f3n y m\u00e1xima durabilidad. Ideal para canalizaciones seguras y ordenadas.<\/p>\n","protected":false},"featured_media":1586,"comment_status":"open","ping_status":"closed","template":"","meta":{"_monsterinsights_skip_tracking":false,"_monsterinsights_sitenote_active":false,"_monsterinsights_sitenote_note":"","_monsterinsights_sitenote_category":0,"site-sidebar-layout":"default","site-content-layout":"","ast-site-content-layout":"default","site-content-style":"default","site-sidebar-style":"default","ast-global-header-display":"","ast-banner-title-visibility":"","ast-main-header-display":"","ast-hfb-above-header-display":"","ast-hfb-below-header-display":"","ast-hfb-mobile-header-display":"","site-post-title":"","ast-breadcrumbs-content":"","ast-featured-img":"","footer-sml-layout":"","theme-transparent-header-meta":"default","adv-header-id-meta":"","stick-header-meta":"","header-above-stick-meta":"","header-main-stick-meta":"","header-below-stick-meta":"","astra-migrate-meta-layouts":"set","ast-page-background-enabled":"default","ast-page-background-meta":{"desktop":{"background-color":"var(--ast-global-color-4)","background-image":"","background-repeat":"repeat","background-position":"center center","background-size":"auto","background-attachment":"scroll","background-type":"","background-media":"","overlay-type":"","overlay-color":"","overlay-gradient":""},"tablet":{"background-color":"","background-image":"","background-repeat":"repeat","background-position":"center center","background-size":"auto","background-attachment":"scroll","background-type":"","background-media":"","overlay-type":"","overlay-color":"","overlay-gradient":""},"mobile":{"background-color":"","background-image":"","background-repeat":"repeat","background-position":"center center","background-size":"auto","background-attachment":"scroll","background-type":"","background-media":"","overlay-type":"","overlay-color":"","overlay-gradient":""}},"ast-content-background-meta":{"desktop":{"background-color":"var(--ast-global-color-5)","background-image":"","background-repeat":"repeat","background-position":"center center","background-size":"auto","background-attachment":"scroll","background-type":"","background-media":"","overlay-type":"","overlay-color":"","overlay-gradient":""},"tablet":{"background-color":"var(--ast-global-color-5)","background-image":"","background-repeat":"repeat","background-position":"center center","background-size":"auto","background-attachment":"scroll","background-type":"","background-media":"","overlay-type":"","overlay-color":"","overlay-gradient":""},"mobile":{"background-color":"var(--ast-global-color-5)","background-image":"","background-repeat":"repeat","background-position":"center center","background-size":"auto","background-attachment":"scroll","background-type":"","background-media":"","overlay-type":"","overlay-color":"","overlay-gradient":""}},"_joinchat":[]},"product_cat":[36,35],"product_tag":[],"aioseo_notices":[],"_links":{"self":[{"href":"https:\/\/bybservicios.cl\/index.php\/wp-json\/wp\/v2\/product\/1584"}],"collection":[{"href":"https:\/\/bybservicios.cl\/index.php\/wp-json\/wp\/v2\/product"}],"about":[{"href":"https:\/\/bybservicios.cl\/index.php\/wp-json\/wp\/v2\/types\/product"}],"replies":[{"embeddable":true,"href":"https:\/\/bybservicios.cl\/index.php\/wp-json\/wp\/v2\/comments?post=1584"}],"wp:featuredmedia":[{"embeddable":true,"href":"https:\/\/bybservicios.cl\/index.php\/wp-json\/wp\/v2\/media\/1586"}],"wp:attachment":[{"href":"https:\/\/bybservicios.cl\/index.php\/wp-json\/wp\/v2\/media?parent=1584"}],"wp:term":[{"taxonomy":"product_cat","embeddable":true,"href":"https:\/\/bybservicios.cl\/index.php\/wp-json\/wp\/v2\/product_cat?post=1584"},{"taxonomy":"product_tag","embeddable":true,"href":"https:\/\/bybservicios.cl\/index.php\/wp-json\/wp\/v2\/product_tag?post=1584"}],"curies":[{"name":"wp","href":"https:\/\/api.w.org\/{rel}","templated":true}]}}