{"id":1050,"date":"2023-12-26T17:19:46","date_gmt":"2023-12-26T16:19:46","guid":{"rendered":"https:\/\/bybservicios.cl\/?post_type=product&#038;p=1050"},"modified":"2024-08-17T03:25:50","modified_gmt":"2024-08-17T01:25:50","slug":"aire-acondicionado-de-ventana-premium-8-000btu","status":"publish","type":"product","link":"https:\/\/bybservicios.cl\/index.php\/product\/aire-acondicionado-de-ventana-premium-8-000btu\/","title":{"rendered":"Aire Acondicionado de Ventana Premium 8.000BTU"},"content":{"rendered":"<p><span style=\"color: #929292;\"> <span style=\"font-family: Lato, Arial, Tahoma, sans-serif;\"><span style=\"font-size: medium;\">Aire Acondicionado de Ventana Premium, solo fr\u00edo, tiene una instalaci\u00f3n muy simple y enfr\u00edas tu casa y\/o departamento de manera segura. Puedes instalarlo t\u00fa mismo en solo 5 minutos y seguir usando tu ventana, no necesita dep\u00f3sito de condensaci\u00f3n, silencioso, control remoto magn\u00e9tico (para que no se te pierda) con compresor dual inverter y un dise\u00f1o de alta gama y eficiente. Gracias a su f\u00e1cil instalaci\u00f3n puedes sacarlo durante el invierno, o llevarlo a la playa durante el verano!<\/span><\/span><\/span><\/p>\n<p>Caracter\u00edsticas:<br \/>\n1. Incluye kit b\u00e1sico con marco extensible que se ajusta a ventanas de corredera desde 92 cm a 1,48 m de altura y seguro para ventana.<br \/>\n2. Incluye control remoto inal\u00e1mbrico con soporte magn\u00e9tico.<br \/>\n3. No necesita deposito de condensaci\u00f3n, equipo con auto evaporaci\u00f3n.<br \/>\n4. Modo nocturno 37dB(A), \u00a1M\u00e1s silencioso a\u00fan por las noches!<br \/>\n5. Compresor Dual (Twin) Inverter.<br \/>\n6. Dimensiones equipo: altura 80,5cm, ancho 33cm, profundidad 27,7cm.<br \/>\n7. Dimensiones del marco extensible: m\u00ednima 92cm, m\u00e1xima 148cm.<br \/>\n8. Peso equipo: 20,5 Kg.<\/p>\n","protected":false},"excerpt":{"rendered":"<p><b>Capacidad Equipo:<\/b> 8000 BTU\/h<\/p>\n<p><b>\u00c1rea de cobertura nominal: <\/b>19 m2<\/p>\n<p><b>Dimensiones: <\/b>80,5\/27,7\/33 cm<\/p>\n<p><b>Peso:\u00a0<\/b>20,5 Kg<\/p>\n<p><b>Medio que caliente o enfr\u00eda: <\/b>Aire<\/p>\n<p><b>Tecnolog\u00eda de funcionamiento: <\/b>Inverter, Ventana, Port\u00e1til<\/p>\n<p><b>Frio\/ Calor: <\/b>No. Solo Frio<\/p>\n<p><b>Eficiencia energ\u00e9tica: <\/b>A<\/p>\n<p><b>Clasificaci\u00f3n energ\u00e9tica fr\u00edo: <\/b>A<\/p>\n<p><b>Tipo de compresor:\u00a0<\/b>Inverter (Dual twin)<\/p>\n<p><b>Nivel de ruido: <\/b>37,1\u226445 dB(A)<\/p>\n<p>&nbsp;<\/p>\n<p>&nbsp;<\/p>\n","protected":false},"featured_media":1053,"comment_status":"open","ping_status":"closed","template":"","meta":{"_monsterinsights_skip_tracking":false,"_monsterinsights_sitenote_active":false,"_monsterinsights_sitenote_note":"","_monsterinsights_sitenote_category":0,"site-sidebar-layout":"default","site-content-layout":"","ast-site-content-layout":"default","site-content-style":"default","site-sidebar-style":"default","ast-global-header-display":"","ast-banner-title-visibility":"","ast-main-header-display":"","ast-hfb-above-header-display":"","ast-hfb-below-header-display":"","ast-hfb-mobile-header-display":"","site-post-title":"","ast-breadcrumbs-content":"","ast-featured-img":"","footer-sml-layout":"","theme-transparent-header-meta":"default","adv-header-id-meta":"","stick-header-meta":"","header-above-stick-meta":"","header-main-stick-meta":"","header-below-stick-meta":"","astra-migrate-meta-layouts":"set","ast-page-background-enabled":"default","ast-page-background-meta":{"desktop":{"background-color":"var(--ast-global-color-4)","background-image":"","background-repeat":"repeat","background-position":"center center","background-size":"auto","background-attachment":"scroll","background-type":"","background-media":"","overlay-type":"","overlay-color":"","overlay-gradient":""},"tablet":{"background-color":"","background-image":"","background-repeat":"repeat","background-position":"center center","background-size":"auto","background-attachment":"scroll","background-type":"","background-media":"","overlay-type":"","overlay-color":"","overlay-gradient":""},"mobile":{"background-color":"","background-image":"","background-repeat":"repeat","background-position":"center center","background-size":"auto","background-attachment":"scroll","background-type":"","background-media":"","overlay-type":"","overlay-color":"","overlay-gradient":""}},"ast-content-background-meta":{"desktop":{"background-color":"var(--ast-global-color-5)","background-image":"","background-repeat":"repeat","background-position":"center center","background-size":"auto","background-attachment":"scroll","background-type":"","background-media":"","overlay-type":"","overlay-color":"","overlay-gradient":""},"tablet":{"background-color":"var(--ast-global-color-5)","background-image":"","background-repeat":"repeat","background-position":"center center","background-size":"auto","background-attachment":"scroll","background-type":"","background-media":"","overlay-type":"","overlay-color":"","overlay-gradient":""},"mobile":{"background-color":"var(--ast-global-color-5)","background-image":"","background-repeat":"repeat","background-position":"center center","background-size":"auto","background-attachment":"scroll","background-type":"","background-media":"","overlay-type":"","overlay-color":"","overlay-gradient":""}},"_joinchat":[]},"product_cat":[21],"product_tag":[],"aioseo_notices":[],"_links":{"self":[{"href":"https:\/\/bybservicios.cl\/index.php\/wp-json\/wp\/v2\/product\/1050"}],"collection":[{"href":"https:\/\/bybservicios.cl\/index.php\/wp-json\/wp\/v2\/product"}],"about":[{"href":"https:\/\/bybservicios.cl\/index.php\/wp-json\/wp\/v2\/types\/product"}],"replies":[{"embeddable":true,"href":"https:\/\/bybservicios.cl\/index.php\/wp-json\/wp\/v2\/comments?post=1050"}],"wp:featuredmedia":[{"embeddable":true,"href":"https:\/\/bybservicios.cl\/index.php\/wp-json\/wp\/v2\/media\/1053"}],"wp:attachment":[{"href":"https:\/\/bybservicios.cl\/index.php\/wp-json\/wp\/v2\/media?parent=1050"}],"wp:term":[{"taxonomy":"product_cat","embeddable":true,"href":"https:\/\/bybservicios.cl\/index.php\/wp-json\/wp\/v2\/product_cat?post=1050"},{"taxonomy":"product_tag","embeddable":true,"href":"https:\/\/bybservicios.cl\/index.php\/wp-json\/wp\/v2\/product_tag?post=1050"}],"curies":[{"name":"wp","href":"https:\/\/api.w.org\/{rel}","templated":true}]}}

<p><span style="color: #929292;"> <span style="font-family: Lato, Arial, Tahoma, sans-serif;"><span style="font-size: medium;">Aire Acondicionado de Ventana Premium, solo frío, tiene una instalación muy simple y enfrías tu casa y/o departamento de manera segura. Puedes instalarlo tú mismo en solo 5 minutos y seguir usando tu ventana, no necesita depósito de condensación, silencioso, control remoto magnético (para que no se te pierda) con compresor dual inverter y un diseño de alta gama y eficiente. Gracias a su fácil instalación puedes sacarlo durante el invierno, o llevarlo a la playa durante el verano!</span></span></span></p>
<p>Características:<br />
1. Incluye kit básico con marco extensible que se ajusta a ventanas de corredera desde 92 cm a 1,48 m de altura y seguro para ventana.<br />
2. Incluye control remoto inalámbrico con soporte magnético.<br />
3. No necesita deposito de condensación, equipo con auto evaporación.<br />
4. Modo nocturno 37dB(A), ¡Más silencioso aún por las noches!<br />
5. Compresor Dual (Twin) Inverter.<br />
6. Dimensiones equipo: altura 80,5cm, ancho 33cm, profundidad 27,7cm.<br />
7. Dimensiones del marco extensible: mínima 92cm, máxima 148cm.<br />
8. Peso equipo: 20,5 Kg.</p>

<p><b>Capacidad Equipo:</b> 8000 BTU/h</p>
<p><b>Área de cobertura nominal: </b>19 m2</p>
<p><b>Dimensiones: </b>80,5/27,7/33 cm</p>
<p><b>Peso: </b>20,5 Kg</p>
<p><b>Medio que caliente o enfría: </b>Aire</p>
<p><b>Tecnología de funcionamiento: </b>Inverter, Ventana, Portátil</p>
<p><b>Frio/ Calor: </b>No. Solo Frio</p>
<p><b>Eficiencia energética: </b>A</p>
<p><b>Clasificación energética frío: </b>A</p>
<p><b>Tipo de compresor: </b>Inverter (Dual twin)</p>
<p><b>Nivel de ruido: </b>37,1≤45 dB(A)</p>
<p>&nbsp;</p>
<p>&nbsp;</p>
